 175. Let q be (-3)/((-6)/58) - -1. What is the highest common factor of w and q?
6
Let f(x) = x**2 + 8*x - 9. Let y be f(-9). Let p be -6*(y - (-14)/(-4)). Let h = -15 + p. Calculate the greatest common divisor of h and 48.
6
Let d(z) = -2*z**3 - 12*z**2 - 9*z - 7. Let w be d(-7). Calculate the greatest common divisor of w and 14.
14
Let n be (2/4)/(2/12). Suppose -z + 16 = n*z. Let f be 5/4 + z/(-16). Calculate the highest common divisor of 9 and f.
1
Let l(i) = 2*i**2 + 30*i - 17. Let o be l(-18). Calculate the highest common factor of o and 39.
13
Let m(t) = t**3 - 6*t**2 - 2*t. Let l be m(7). Suppose -295 - l = -3*n. What is the greatest common factor of 10 and n?
10
Let w(t) = -t + 1. Let u be w(3). Let h be 2 + u + 15 + 1. Suppose 3*v - 2*y = 31, -3*y = -5*v + 36 + h. What is the greatest common factor of 1 and v?
1
Let v = -51 - -68. Calculate the greatest common factor of 17 and v.
17
Suppose -128 - 56 = -4*p. Suppose -20 = 2*n + 3*n, -2*a = -2*n - p. Let v be 3/(-9)*7*-57. Calculate the highest common factor of a and v.
19
Let h be 0 - -342 - (-13 + 17). What is the greatest common divisor of h and 26?
26
Suppose -2*z + 380 = -4*v, -v - 150 - 603 = -4*z. Let j = -104 + z. Calculate the highest common factor of j and 12.
12
Let s be 2/5 - (-448)/5. Calculate the greatest common factor of 18 and s.
18
Suppose -2*b + 817 + 19 = 0. What is the greatest common factor of 38 and b?
38
Suppose -n = 3*p - 14, 5*p - 1 = 4. Suppose -2 + n = 3*t. What is the greatest common factor of t and 24?
3
Let j(o) be the third derivative of o**6/120 - o**5/30 - o**4/24 - o**3/3 - 2*o**2. Let c be j(3). What is the greatest common divisor of 16 and c?
4
Suppose 25 - 1625 = -5*d. Calculate the greatest common factor of d and 20.
20
Let o = -4 - -10. Let b = 16 + -10. What is the greatest common divisor of o and b?
6
Let u = 35 + 90. Let q be (-244)/(-10) + ((-69)/(-15) - 4). What is the greatest common factor of q and u?
25
Let m be -2 + 55 + 9/3. Calculate the greatest common factor of 8 and m.
8
Let l be (-4)/(4*3/(-6)). Suppose -2*s = l*k - 50, -5*s + 5*k + 72 = -13. What is the highest common divisor of s and 21?
21
Let g be 48/22 - 4/22. Suppose -f - 10 = -g*f. Calculate the highest common divisor of 30 and f.
10
Suppose -12 = -l - 5. Let t be 33 + 2/(-2 + 3). Suppose 0 - t = -d. What is the greatest common divisor of l and d?
7
Suppose -106 = -3*r - a, a + a + 184 = 5*r. Let t = 20 - -4. Suppose -7*v + 9*v - t = 0. What is the greatest common divisor of v and r?
12
Let v = -3 - -3. Suppose v*w = 2*w - d, -3*d = -5*w - 2. Suppose 4*l = -1 + 17. What is the greatest common factor of l and w?
2
Suppose 2*s + 0 = -12. Let i(w) be the second derivative of w**4/12 - 5*w**3/6 - 4*w. Let n be i(s). Calculate the highest common divisor of 6 and n.
6
Suppose r = 2*r - 57. Suppose 4*z = 51 + r. What is the highest common divisor of z and 9?
9
Let n(a) = -3*a - 5. Let p be n(-5). What is the highest common divisor of 50 and p?
10
Let o = -37 - -72. Let t be (1 - -6)*120/o. What is the greatest common divisor of 60 and t?
12
Suppose -17 - 3 = -4*g. Let a be 27*(18 + 6/(-3)). Suppose 5*h - g*y + 3*y - a = 0, h + y = 92. Calculate the highest common divisor of 8 and h.
8
Let n = 12 - 7. Let z(x) = -6 - x + 16*x - 11*x. Let f be z(n). What is the greatest common factor of f and 2?
2
Let l = -43 - -85. Suppose 2*a - 3*v - 28 - 19 = 0, 9 = 3*v. Calculate the highest common divisor of l and a.
14
Let w = 20 - 12. What is the highest common factor of 20 and w?
4
Suppose 2*u = u + 7. Suppose -u*z + 18 = -5*z. Calculate the greatest common divisor of z and 9.
9
Suppose -j + 68 = -8. Calculate the highest common factor of j and 19.
19
Let k be 453/9 + 16/24. What is the highest common divisor of k and 3?
3
Suppose m + m = -y + 11, -5*m = 3*y - 36. Let z(a) = -a + 10. Let r be z(-7). Calculate the greatest common factor of y and r.
17
Let p(y) = -y**3 - y**2 + y + 3. Let d be p(0). Let q = -1 + d. Suppose -12 = -q*b + 68. Calculate the highest common divisor of 16 and b.
8
Let o = 137 + -85. What is the highest common divisor of 13 and o?
13
Let b(g) = -2*g**2 - 61*g - 24. Let j be b(-30). What is the highest common divisor of 28 and j?
2
Let x(k) = -k**2 + 10*k + 21. Let a be x(9). Let n be -3*(-4 - 2/2). Suppose -4*v + n = v. Calculate the highest common factor of v and a.
3
Let w be ((-56)/(-21))/(4/6). Suppose -3 = -2*b - 1. Calculate the highest common factor of b and w.
1
Let k = -94 - -153. What is the greatest common factor of 236 and k?
59
Let t be (-1253)/3 - 2/6. Let u = t - -204. Let f be (-2)/(-6) + u/(-6). Calculate the greatest common divisor of f and 9.
9
Suppose -c - 39 = -5*l + c, -3*c = 6. Let q(w) = 6*w**3 + w**2 - 3*w + 3. Let m be q(2). Calculate the greatest common divisor of m and l.
7
Let h(j) = -4*j**3 - 2*j**2 - 2*j - 1. Let l be h(-1). Suppose 0 = -l*c + 6, 2*n = 3*c + 8 + 6. Calculate the highest common factor of n and 10.
10
Let k(g) = -g**3 + 4*g**2 + 8*g - 8. Let f be k(6). Let v = f + 53. Suppose -2*o = y - v, -o - y = -0*y - 8. What is the highest common factor of o and 117?
13
Suppose -l = 3*l - 56. Let r = l + -5. Calculate the greatest common divisor of r and 9.
9
Suppose w - 345 = 4*w. Let n = w + 251. What is the highest common factor of n and 17?
17
Let q = 185 + -109. What is the highest common factor of 114 and q?
38
Suppose -2*z + 15 = 3*z. Suppose 555 = 5*r - q, z*q + 3 = -12. Calculate the greatest common divisor of r and 10.
10
Suppose z = 5*z + g - 28, 5*z - 50 = -5*g. Let p be 116/z - (-4)/(-12). Let x = p + -1. What is the highest common factor of 12 and x?
6
Suppose 6*v - v - 150 = 0. What is the highest common factor of 12 and v?
6
Let v = 102 + -44. Let w be v + (-3)/(3/2). Suppose 4*l + 4 = 32. What is the highest common divisor of l and w?
7
Let v be 2/12 + 526/12. Calculate the highest common factor of 11 and v.
11
Let r = 3 - 5. Let d be r/(-2)*34 - 1. Let o be 2/7 - (-19)/7. What is the greatest common divisor of d and o?
3
Suppose 5*q + 0*x = -x + 2, -2*x = q + 5. Suppose q + 3 = -z. Let k(b) = b**2 + b. Let w be k(z). Calculate the greatest common divisor of w and 12.
12
Suppose 3 = 2*k - 3*f + 6, -k - 8 = 5*f. Let u be 0 - (-39 + (-2 - k)). Suppose 0*o - u = -2*o. Calculate the greatest common factor of 152 and o.
19
Let g be (36/(-10))/((-1)/5). Let c = 332 - 206. Calculate the greatest common factor of c and g.
18
Let g = -175 - -318. What is the greatest common factor of g and 13?
13
Let i = 33 + -11. What is the greatest common divisor of 242 and i?
22
Let q be (-2 - -5)*(-8)/6. Let p = q - -8. Suppose -52 = -3*o - p*m - 2, -3*o + 20 = -2*m. Calculate the greatest common factor of o and 2.
2
Let f(j) = -j**2 - 3*j - 2. Let s be f(-3). Let d = 10 - s. What is the highest common factor of 6 and d?
6
Let c be 3*2/(4/6). Suppose 14*z - c*z = 1215. Let t be (-3)/(-1 - 8/(-9)). Calculate the greatest common factor of t and z.
27
Let g = 5 - 0. Let b be 1*65 - (g - 3). What is the greatest common divisor of 42 and b?
21
Let q = 17 - 13. What is the greatest common divisor of q and 16?
4
Let t be (6/(-4))/((-12)/112). What is the highest common divisor of t and 7?
7
Let b = 193 - 184. What is the greatest common factor of 6 and b?
3
Suppose 0 = r - 38 - 39. Let p be (-2)/4*162/(-9). Let x(d) = -d**2 + 9*d + 7. Let a be x(p). What is the greatest common divisor of r and a?
7
Suppose -6 = -y + 7. Let p be 1/(-2 + 81/39). Calculate the highest common factor of y and p.
13
Let r be 39/5 - 3/(-15). Calculate the greatest common factor of 64 and r.
8
Suppose q + 2*f = 15 - 1, 0 = -f - 1. What is the greatest common factor of q and 160?
16
Suppose 0 = -i - 1, 0*m + 2 = -m - 4*i. Suppose 0 = -m*z - 2*z + 4. Let f be 0/z - -9*1. What is the greatest common factor of 1 and f?
1
Let k(b) = 33*b - 16. Let s be k(2). What is the highest common factor of s and 20?
10
Suppose 3*d - 2*h = 693, -3*d + 595 = -3*h - 98. Calculate the highest common divisor of d and 21.
21
Let i be 1/(31/16 + -2). Let z = i - -93. What is the highest common divisor of z and 7?
7
Suppose -3*k + k + 3*r = -167, -2*r = -2*k + 170. What is the highest common factor of k and 11?
11
Let s(f) = 15*f - 12. Let k be s(2). What is the greatest common divisor of